{"id":160,"date":"2024-01-15T20:06:36","date_gmt":"2024-01-15T20:06:36","guid":{"rendered":"https:\/\/dulceslaguaca.com\/?post_type=product&#038;p=160"},"modified":"2024-01-15T20:10:17","modified_gmt":"2024-01-15T20:10:17","slug":"surtido-leche-x18","status":"publish","type":"product","link":"https:\/\/dulceslaguaca.com\/?product=surtido-leche-x18","title":{"rendered":"Surtido leche x18"},"content":{"rendered":"<p>Disfruta de la armon\u00eda perfecta de sabores con nuestra exquisita caja de Dulces Surtidos de Dulces La Guaca.<\/p>\n<p>Este encantador conjunto de 18 unidades, con un peso neto de 260 gramos y una vida \u00fatil de 3 meses, te invita a sumergirte en una experiencia \u00fanica.<\/p>\n<p>Del\u00e9itate con dulces con leche en variaciones de Cortados y Manzanitas, donde la suavidad se encuentra con la frescura en cada bocado. La combinaci\u00f3n de sabores y la calidad premium hacen de esta selecci\u00f3n la elecci\u00f3n ideal para endulzar tus momentos. A\u00f1ade esta caja de placer a tu carrito y descubre la deliciosa diversidad que Dulces La Guaca tiene reservada para ti.<\/p>\n","protected":false},"excerpt":{"rendered":"<p>Disfruta de la armon\u00eda perfecta de sabores con nuestra exquisita caja de Dulces Surtidos de Dulces La Guaca.<\/p>\n<p>Este encantador conjunto de 18 unidades, con un peso neto de 260 gramos y una vida \u00fatil de 3 meses, te invita a sumergirte en una experiencia \u00fanica.<\/p>\n<p>Del\u00e9itate con dulces con leche en variaciones de Cortados y Manzanitas, donde la suavidad se encuentra con la frescura en cada bocado. La combinaci\u00f3n de sabores y la calidad premium hacen de esta selecci\u00f3n la elecci\u00f3n ideal para endulzar tus momentos. A\u00f1ade esta caja de placer a tu carrito y descubre la deliciosa diversidad que Dulces La Guaca tiene reservada para ti.<\/p>\n","protected":false},"featured_media":161,"comment_status":"open","ping_status":"closed","template":"","meta":{"om_disable_all_campaigns":false,"_monsterinsights_skip_tracking":false,"_monsterinsights_sitenote_active":false,"_monsterinsights_sitenote_note":"","_monsterinsights_sitenote_category":0},"product_brand":[],"product_cat":[24],"product_tag":[],"class_list":{"0":"post-160","1":"product","2":"type-product","3":"status-publish","4":"has-post-thumbnail","6":"product_cat-surtidos","8":"first","9":"instock","10":"shipping-taxable","11":"purchasable","12":"product-type-simple"},"aioseo_notices":[],"_links":{"self":[{"href":"https:\/\/dulceslaguaca.com\/index.php?rest_route=\/wp\/v2\/product\/160","targetHints":{"allow":["GET"]}}],"collection":[{"href":"https:\/\/dulceslaguaca.com\/index.php?rest_route=\/wp\/v2\/product"}],"about":[{"href":"https:\/\/dulceslaguaca.com\/index.php?rest_route=\/wp\/v2\/types\/product"}],"replies":[{"embeddable":true,"href":"https:\/\/dulceslaguaca.com\/index.php?rest_route=%2Fwp%2Fv2%2Fcomments&post=160"}],"wp:featuredmedia":[{"embeddable":true,"href":"https:\/\/dulceslaguaca.com\/index.php?rest_route=\/wp\/v2\/media\/161"}],"wp:attachment":[{"href":"https:\/\/dulceslaguaca.com\/index.php?rest_route=%2Fwp%2Fv2%2Fmedia&parent=160"}],"wp:term":[{"taxonomy":"product_brand","embeddable":true,"href":"https:\/\/dulceslaguaca.com\/index.php?rest_route=%2Fwp%2Fv2%2Fproduct_brand&post=160"},{"taxonomy":"product_cat","embeddable":true,"href":"https:\/\/dulceslaguaca.com\/index.php?rest_route=%2Fwp%2Fv2%2Fproduct_cat&post=160"},{"taxonomy":"product_tag","embeddable":true,"href":"https:\/\/dulceslaguaca.com\/index.php?rest_route=%2Fwp%2Fv2%2Fproduct_tag&post=160"}],"curies":[{"name":"wp","href":"https:\/\/api.w.org\/{rel}","templated":true}]}}