{"id":158,"date":"2024-01-15T20:02:04","date_gmt":"2024-01-15T20:02:04","guid":{"rendered":"https:\/\/dulceslaguaca.com\/?post_type=product&#038;p=158"},"modified":"2024-01-15T20:02:04","modified_gmt":"2024-01-15T20:02:04","slug":"dulce-de-leche-surtido-x30","status":"publish","type":"product","link":"https:\/\/dulceslaguaca.com\/?product=dulce-de-leche-surtido-x30","title":{"rendered":"Dulce de leche surtido x30"},"content":{"rendered":"<p>Explora un mundo de placer con nuestra indulgente oferta: Dulces Surtidos x30 de Dulces La Guaca.<\/p>\n<p>Esta exquisita caja, compuesta por 30 unidades, presenta un peso neto de 1.080 gramos y una vida \u00fatil de 3 meses, garantizando una experiencia fresca y deliciosa en cada mordisco.<\/p>\n<p>Desde tentadores dulces con leche en sus variantes natural, cortados, cocadas y con guayaba, hasta emocionantes dulces con az\u00facar, que abarcan frutas con lim\u00f3n, cereales con arroz y tub\u00e9rculo con apio. Convierte cada d\u00eda en una celebraci\u00f3n de sabores aut\u00e9nticos. \u00a1A\u00f1ade este fest\u00edn a tu carrito y descubre la exquisita diversidad que Dulces La Guaca tiene reservada para ti!<\/p>\n","protected":false},"excerpt":{"rendered":"<p>Esta exquisita caja, compuesta por 30 unidades, presenta un peso neto de 1.080 gramos y una vida \u00fatil de 3 meses, garantizando una experiencia fresca y deliciosa en cada mordisco.<\/p>\n","protected":false},"featured_media":159,"comment_status":"open","ping_status":"closed","template":"","meta":{"om_disable_all_campaigns":false,"_monsterinsights_skip_tracking":false,"_monsterinsights_sitenote_active":false,"_monsterinsights_sitenote_note":"","_monsterinsights_sitenote_category":0},"product_brand":[],"product_cat":[24],"product_tag":[],"class_list":{"0":"post-158","1":"product","2":"type-product","3":"status-publish","4":"has-post-thumbnail","6":"product_cat-surtidos","8":"first","9":"instock","10":"shipping-taxable","11":"purchasable","12":"product-type-simple"},"aioseo_notices":[],"_links":{"self":[{"href":"https:\/\/dulceslaguaca.com\/index.php?rest_route=\/wp\/v2\/product\/158","targetHints":{"allow":["GET"]}}],"collection":[{"href":"https:\/\/dulceslaguaca.com\/index.php?rest_route=\/wp\/v2\/product"}],"about":[{"href":"https:\/\/dulceslaguaca.com\/index.php?rest_route=\/wp\/v2\/types\/product"}],"replies":[{"embeddable":true,"href":"https:\/\/dulceslaguaca.com\/index.php?rest_route=%2Fwp%2Fv2%2Fcomments&post=158"}],"wp:featuredmedia":[{"embeddable":true,"href":"https:\/\/dulceslaguaca.com\/index.php?rest_route=\/wp\/v2\/media\/159"}],"wp:attachment":[{"href":"https:\/\/dulceslaguaca.com\/index.php?rest_route=%2Fwp%2Fv2%2Fmedia&parent=158"}],"wp:term":[{"taxonomy":"product_brand","embeddable":true,"href":"https:\/\/dulceslaguaca.com\/index.php?rest_route=%2Fwp%2Fv2%2Fproduct_brand&post=158"},{"taxonomy":"product_cat","embeddable":true,"href":"https:\/\/dulceslaguaca.com\/index.php?rest_route=%2Fwp%2Fv2%2Fproduct_cat&post=158"},{"taxonomy":"product_tag","embeddable":true,"href":"https:\/\/dulceslaguaca.com\/index.php?rest_route=%2Fwp%2Fv2%2Fproduct_tag&post=158"}],"curies":[{"name":"wp","href":"https:\/\/api.w.org\/{rel}","templated":true}]}}